{"id":32,"date":"2022-06-02T16:51:08","date_gmt":"2022-06-02T14:51:08","guid":{"rendered":"https:\/\/www.lavandefinesauvage.fr\/boutique\/?post_type=product&#038;p=32"},"modified":"2025-05-05T12:29:37","modified_gmt":"2025-05-05T10:29:37","slug":"eau-florale-hydrolat-de-lavande-fine-sauvage","status":"publish","type":"product","link":"https:\/\/www.lavandefinesauvage.fr\/boutique\/produit\/eau-florale-hydrolat-de-lavande-fine-sauvage\/","title":{"rendered":"Eau florale \/ Hydrolat de lavande fine sauvage &#8211; 200ml"},"content":{"rendered":"<p>Cet Hydrolat ( ou Eau florale) est obtenu par distillation artisanale de fleurs de Lavande Fine Sauvage cueillies \u00e0 la main dans les collines du Parc Naturel des Baronnies Proven\u00e7ales<\/p>\n<p>L&rsquo;hydrolat de lavande fine vraie, vaporis\u00e9e sur votre peau, est purifiante, adoucissante et et calmante. Elle est \u00e9galement un bon antiseptique sur la peau.<\/p>\n<p>En usage interne: Pour apaiser les tensions nerveuses et les petites angoisses. Pour purifier la bouche et l&rsquo;haleine. 1 cuill\u00e8re \u00e0 soupe dans un verre d&rsquo;eau ou pure 1 \u00e0 2 fois par jour.<\/p>\n<p>Recommand\u00e9e en usage externe sur les peaux grasses, acn\u00e9iques, le cuir chevelu.<br \/>\nVous pouvez l&rsquo;appliquer \u00e0 la main ou avec un coton ou autre, ou plus simplement la vaporiser directement, gr\u00e2ce au bouchon vaporisateur qui \u00e9quipe le flacon.<\/p>\n<p>Flacon en plastique recycl\u00e9 de 200 ml.<\/p>\n<p>Conserver \u00e0 l&rsquo;abri de la lumi\u00e8re et de la chaleur.<\/p>\n","protected":false},"excerpt":{"rendered":"<p>Flacon de 200 ml avec bouchon vaporisateur<\/p>\n","protected":false},"featured_media":33,"template":"","meta":{"_et_pb_use_builder":"","_et_pb_old_content":"","_et_gb_content_width":""},"product_brand":[],"product_cat":[16],"product_tag":[],"class_list":{"0":"post-32","1":"product","2":"type-product","3":"status-publish","4":"has-post-thumbnail","6":"product_cat-lavande-fine-sauvage","7":"product_shipping_class-exphy","9":"first","10":"outofstock","11":"taxable","12":"shipping-taxable","13":"purchasable","14":"product-type-simple"},"_links":{"self":[{"href":"https:\/\/www.lavandefinesauvage.fr\/boutique\/wp-json\/wp\/v2\/product\/32","targetHints":{"allow":["GET"]}}],"collection":[{"href":"https:\/\/www.lavandefinesauvage.fr\/boutique\/wp-json\/wp\/v2\/product"}],"about":[{"href":"https:\/\/www.lavandefinesauvage.fr\/boutique\/wp-json\/wp\/v2\/types\/product"}],"wp:featuredmedia":[{"embeddable":true,"href":"https:\/\/www.lavandefinesauvage.fr\/boutique\/wp-json\/wp\/v2\/media\/33"}],"wp:attachment":[{"href":"https:\/\/www.lavandefinesauvage.fr\/boutique\/wp-json\/wp\/v2\/media?parent=32"}],"wp:term":[{"taxonomy":"product_brand","embeddable":true,"href":"https:\/\/www.lavandefinesauvage.fr\/boutique\/wp-json\/wp\/v2\/product_brand?post=32"},{"taxonomy":"product_cat","embeddable":true,"href":"https:\/\/www.lavandefinesauvage.fr\/boutique\/wp-json\/wp\/v2\/product_cat?post=32"},{"taxonomy":"product_tag","embeddable":true,"href":"https:\/\/www.lavandefinesauvage.fr\/boutique\/wp-json\/wp\/v2\/product_tag?post=32"}],"curies":[{"name":"wp","href":"https:\/\/api.w.org\/{rel}","templated":true}]}}