{"id":14,"date":"2022-04-06T17:21:02","date_gmt":"2022-04-06T15:21:02","guid":{"rendered":"https:\/\/www.lavandefinesauvage.fr\/boutique\/?post_type=product&#038;p=14"},"modified":"2025-12-09T14:59:42","modified_gmt":"2025-12-09T13:59:42","slug":"huile-essentielle-de-lavande-fine-sauvage","status":"publish","type":"product","link":"https:\/\/www.lavandefinesauvage.fr\/boutique\/produit\/huile-essentielle-de-lavande-fine-sauvage\/","title":{"rendered":"Huile essentielle de Lavande Fine Sauvage &#8211; 10ml"},"content":{"rendered":"<p>L&rsquo;huile essentielle de Lavande Fine Sauvage\u00a0 est obtenue par distillation des sommit\u00e9s fleuries de lavande sauvage cueillie \u00e0 la main dans les collines du Parc R\u00e9gional des Baronnies Proven\u00e7ales. Il faut entre 130 et 150 kg de fleurs coup\u00e9es pour obtenir 1 litre d&rsquo;huile essentielle. L&rsquo;or bleu est alors transform\u00e9 en un liquide limpide de couleur jaune p\u00e2le, \u00e0 l&rsquo;odeur suave et herbac\u00e9e, recherch\u00e9 par les plus grands parfumeurs et pour ses nombreuses propri\u00e9t\u00e9s en aromath\u00e9rapie depuis le temps des Romains.<\/p>\n<p>D&rsquo;un point de vue biochimique, elle est principalement constitu\u00e9e de :<\/p>\n<ul>\n<li>Linalyle (45%)<\/li>\n<li>Linalol (35%)<\/li>\n<li>Terp\u00e8nes (5%)<\/li>\n<li>Coumarine (0.2%)<\/li>\n<\/ul>\n","protected":false},"excerpt":{"rendered":"<p>Huile Essentielle obtenue par distillation \u00e0 la vapeur d&rsquo;eau de la fleur de<strong> Lavandula angustifolia <\/strong>(\u00e9galement nomm\u00e9e lavande fine ou lavande officinale) sauvage cueillie \u00e0 la main entre 900 et 1500m d&rsquo;altitude dans les collines du Parc R\u00e9gional des Baronnies Proven\u00e7ales.<strong><br \/>\n<\/strong><\/p>\n<p>Flacon de 10ml avec compte gouttes.<\/p>\n","protected":false},"featured_media":18,"template":"","meta":{"_et_pb_use_builder":"","_et_pb_old_content":"","_et_gb_content_width":""},"product_brand":[],"product_cat":[16],"product_tag":[],"class_list":{"0":"post-14","1":"product","2":"type-product","3":"status-publish","4":"has-post-thumbnail","6":"product_cat-lavande-fine-sauvage","7":"product_shipping_class-exphe","9":"first","10":"instock","11":"taxable","12":"shipping-taxable","13":"purchasable","14":"product-type-simple"},"_links":{"self":[{"href":"https:\/\/www.lavandefinesauvage.fr\/boutique\/wp-json\/wp\/v2\/product\/14","targetHints":{"allow":["GET"]}}],"collection":[{"href":"https:\/\/www.lavandefinesauvage.fr\/boutique\/wp-json\/wp\/v2\/product"}],"about":[{"href":"https:\/\/www.lavandefinesauvage.fr\/boutique\/wp-json\/wp\/v2\/types\/product"}],"wp:featuredmedia":[{"embeddable":true,"href":"https:\/\/www.lavandefinesauvage.fr\/boutique\/wp-json\/wp\/v2\/media\/18"}],"wp:attachment":[{"href":"https:\/\/www.lavandefinesauvage.fr\/boutique\/wp-json\/wp\/v2\/media?parent=14"}],"wp:term":[{"taxonomy":"product_brand","embeddable":true,"href":"https:\/\/www.lavandefinesauvage.fr\/boutique\/wp-json\/wp\/v2\/product_brand?post=14"},{"taxonomy":"product_cat","embeddable":true,"href":"https:\/\/www.lavandefinesauvage.fr\/boutique\/wp-json\/wp\/v2\/product_cat?post=14"},{"taxonomy":"product_tag","embeddable":true,"href":"https:\/\/www.lavandefinesauvage.fr\/boutique\/wp-json\/wp\/v2\/product_tag?post=14"}],"curies":[{"name":"wp","href":"https:\/\/api.w.org\/{rel}","templated":true}]}}